{"id":1331,"date":"2018-05-23T20:59:51","date_gmt":"2018-05-23T18:59:51","guid":{"rendered":"http:\/\/www.gunillajaehnichen.de\/wordpress\/?page_id=1331"},"modified":"2025-04-09T18:42:27","modified_gmt":"2025-04-09T16:42:27","slug":"impressum","status":"publish","type":"page","link":"https:\/\/www.gunillajaehnichen.de\/?page_id=1331","title":{"rendered":"Impressum"},"content":{"rendered":"<p>Gunilla J\u00e4hnichen<\/p>\n<p>Grimmstra\u00dfe 16 M, 10967 Berlin<\/p>\n<p>mobil 01712393960<\/p>\n<p><a href=\"gunillaj@gmx.de\">gunillaj(a)gmx.de<\/a><\/p>\n<p>Foto Dokumentation<\/p>\n<p class=\"links\">Detlef Eden<br \/>\nGunilla J\u00e4hnichen<a class=\"links\" href=\"http:\/\/www.openart.se\/en\/\" target=\"_blank\" rel=\"noopener\"><br \/>\n<\/a>Eberhard Weible<\/p>\n<p>Copyright | Urheberrecht: Inhalt und Struktur dieser Website sind urheberrechtlich gesch\u00fctzt. Die Vervielf\u00e4ltigung von Informationen oder Daten, insbesondere die Verwendung von Zeichnungen oder Bildern, bedarf der vorherigen Zustimmung<br \/>\ndurch den Betreiber.<\/p>\n<p>Haftungshinweis:<\/p>\n<p>Trotz sorgf\u00e4ltiger Pr\u00fcfung und Aktualisierung der bereitgestellten Informationen \u00fcbernehme ich keine Haftung f\u00fcr die Inhalte externer Links. F\u00fcr Inhalt, Richtigkeit und Vollst\u00e4ndigkeit der verlinkten Seiten sind ausschlie\u00dflich deren Betreiber verantwortlich.<\/p>\n<p>Im \u00dcbrigen verweise ich auf den folgenden <a href=\"http:\/\/www.disclaimer.de\/disclaimer.htm\">Haftungsausschluss.<\/a><\/p>\n","protected":false},"excerpt":{"rendered":"<p>Gunilla J\u00e4hnichen Grimmstra\u00dfe 16 M, 10967 Berlin mobil 01712393960 gunillaj(a)gmx.de Foto Dokumentation Detlef Eden Gunilla J\u00e4hnichen Eberhard Weible Copyright | Urheberrecht: Inhalt und Struktur dieser Website sind urheberrechtlich gesch\u00fctzt. Die Vervielf\u00e4ltigung von Informationen oder Daten, insbesondere die Verwendung von Zeichnungen oder Bildern, bedarf der vorherigen Zustimmung durch den Betreiber. Haftungshinweis: Trotz sorgf\u00e4ltiger Pr\u00fcfung und Aktualisierung &hellip; <a href=\"https:\/\/www.gunillajaehnichen.de\/?page_id=1331\" class=\"more-link\"><span class=\"screen-reader-text\">Impressum<\/span> weiterlesen<\/a><\/p>\n","protected":false},"author":1,"featured_media":0,"parent":0,"menu_order":0,"comment_status":"closed","ping_status":"closed","template":"","meta":{"footnotes":""},"class_list":["post-1331","page","type-page","status-publish","hentry"],"_links":{"self":[{"href":"https:\/\/www.gunillajaehnichen.de\/index.php?rest_route=\/wp\/v2\/pages\/1331","targetHints":{"allow":["GET"]}}],"collection":[{"href":"https:\/\/www.gunillajaehnichen.de\/index.php?rest_route=\/wp\/v2\/pages"}],"about":[{"href":"https:\/\/www.gunillajaehnichen.de\/index.php?rest_route=\/wp\/v2\/types\/page"}],"author":[{"embeddable":true,"href":"https:\/\/www.gunillajaehnichen.de\/index.php?rest_route=\/wp\/v2\/users\/1"}],"replies":[{"embeddable":true,"href":"https:\/\/www.gunillajaehnichen.de\/index.php?rest_route=%2Fwp%2Fv2%2Fcomments&post=1331"}],"version-history":[{"count":3,"href":"https:\/\/www.gunillajaehnichen.de\/index.php?rest_route=\/wp\/v2\/pages\/1331\/revisions"}],"predecessor-version":[{"id":3433,"href":"https:\/\/www.gunillajaehnichen.de\/index.php?rest_route=\/wp\/v2\/pages\/1331\/revisions\/3433"}],"wp:attachment":[{"href":"https:\/\/www.gunillajaehnichen.de\/index.php?rest_route=%2Fwp%2Fv2%2Fmedia&parent=1331"}],"curies":[{"name":"wp","href":"https:\/\/api.w.org\/{rel}","templated":true}]}}